 1491 and 399?
21
Calculate the greatest common factor of 10 and 1490.
10
Calculate the highest common divisor of 226 and 3277.
113
What is the greatest common divisor of 10 and 195?
5
Calculate the highest common divisor of 735 and 285.
15
What is the greatest common factor of 225 and 10925?
25
Calculate the highest common divisor of 75 and 60.
15
Calculate the greatest common factor of 36 and 684.
36
Calculate the highest common divisor of 42 and 5376.
42
Calculate the greatest common factor of 4287 and 3.
3
What is the greatest common divisor of 645 and 30?
15
What is the greatest common factor of 140 and 1295?
35
What is the highest common divisor of 882 and 49?
49
What is the greatest common factor of 1344 and 432?
48
Calculate the greatest common divisor of 26247 and 78.
39
Calculate the highest common factor of 1176 and 72.
24
What is the greatest common factor of 2898 and 18?
18
What is the highest common factor of 9 and 36?
9
What is the greatest common divisor of 18 and 4326?
6
Calculate the greatest common divisor of 20 and 4660.
20
What is the highest common factor of 153 and 1683?
153
What is the greatest common divisor of 495 and 7128?
99
What is the highest common factor of 100 and 2160?
20
Calculate the highest common factor of 19 and 40603.
19
What is the greatest common divisor of 44448 and 192?
96
Calculate the highest common divisor of 1131 and 1479.
87
Calculate the greatest common divisor of 78 and 1690.
26
Calculate the greatest common factor of 38 and 46.
2
Calculate the highest common factor of 60 and 16428.
12
What is the greatest common divisor of 1590 and 90?
30
What is the highest common divisor of 114 and 1520?
38
Calculate the highest common factor of 3082 and 469.
67
Calculate the highest common divisor of 286 and 2442.
22
What is the highest common divisor of 84 and 1456?
28
What is the highest common factor of 267 and 129?
3
What is the highest common factor of 1536 and 48?
48
What is the greatest common factor of 2060 and 140?
20
What is the greatest common divisor of 451 and 287?
41
What is the highest common divisor of 209 and 319?
11
What is the greatest common factor of 639 and 6603?
213
Calculate the greatest common divisor of 752 and 235.
47
What is the greatest common factor of 19737 and 129?
129
What is the greatest common factor of 205 and 13120?
205
What is the highest common divisor of 219 and 5037?
219
What is the greatest common factor of 55 and 220?
55
What is the greatest common factor of 105 and 24045?
105
Calculate the greatest common factor of 110 and 4.
2
What is the greatest common factor of 4 and 188?
4
Calculate the greatest common divisor of 30 and 675.
15
Calculate the highest common factor of 2387 and 308.
77
What is the greatest common factor of 400 and 30?
10
Calculate the greatest common factor of 132 and 3564.
132
Calculate the greatest common divisor of 2712 and 24.
24
Calculate the highest common divisor of 101 and 303.
101
What is the greatest common divisor of 132 and 1788?
12
Calculate the highest common divisor of 200 and 6700.
100
Calculate the highest common divisor of 132 and 462.
66
Calculate the highest common divisor of 316 and 1817.
79
Calculate the highest common divisor of 1425 and 575.
25
What is the greatest common divisor of 150 and 60?
30
Calculate the highest common divisor of 20 and 2780.
20
What is the greatest common factor of 1888 and 56?
8
What is the highest common divisor of 121 and 1573?
121
Calculate the highest common divisor of 20 and 2060.
20
What is the greatest common divisor of 28 and 154?
14
What is the greatest common factor of 64 and 1272?
8
What is the greatest common divisor of 4667 and 117?
13
Calculate the greatest common factor of 2247 and 21.
21
Calculate the greatest common factor of 148 and 14578.
74
Calculate the greatest common factor of 1103 and 4.
1
What is the highest common divisor of 25389 and 1092?
273
What is the highest common factor of 410 and 100?
10
What is the highest common factor of 139 and 1?
1
What is the highest common divisor of 52 and 12?
4
Calculate the highest common factor of 890 and 40.
10
Calculate the highest common factor of 74 and 4366.
74
Calculate the greatest common factor of 3 and 805.
1
What is the greatest common factor of 2652 and 468?
156
Calculate the greatest common divisor of 203 and 116.
29
Calculate the highest common factor of 515 and 206.
103
What is the highest common factor of 343 and 294?
49
Calculate the greatest common factor of 11 and 7425.
11
What is the highest common factor of 139 and 35584?
139
What is the highest common factor of 7728 and 4?
4
Calculate the greatest common divisor of 13 and 29.
1
What is the highest common divisor of 57 and 361?
19
Calculate the highest common divisor of 920 and 80.
40
Calculate the greatest common divisor of 5248 and 82.
82
Calculate the greatest common divisor of 58 and 551.
29
What is the highest common divisor of 124 and 93?
31
Calculate the highest common divisor of 871 and 26.
13
Calculate the highest common factor of 54 and 19062.
54
What is the greatest common divisor of 37294 and 58?
58
Calculate the highest common factor of 32 and 104.
8
Calculate the greatest common divisor of 51 and 1003.
17
Calculate the greatest common divisor of 144 and 486.
18
What is the greatest common factor of 116 and 1044?
116
Calculate the highest common divisor of 122 and 5490.
122
Calculate the highest common divisor of 1 and 5.
1
What is the highest common divisor of 16632 and 864?
216
Calculate the greatest common divisor of 1173 and 102.
51
What is the greatest common divisor of 40 and 360?
40
What is the highest common factor of 123 and 15?
3
Calculate the greatest common factor of 2021 and 344.
43
Calculate the greatest common factor of 208 and 64.
16
Calculate the greatest common factor of 19 and 2413.
19
What is the highest common divisor of 17352 and 216?
72
What is the greatest common factor of 60 and 12030?
30
Calculate the greatest common divisor of 3806 and 1730.
346
Calculate the highest common factor of 6324 and 24.
12
Calculate the greatest common factor of 100 and 60.
20
What is the greatest common divisor of 19 and 304?
19
Calculate the highest common factor of 5494 and 164.
82
Calculate the highest common factor of 42120 and 162.
162
What is the highest common divisor of 328 and 41?
41
What is the highest common divisor of 1136 and 426?
142
Calculate the greatest common factor of 3170 and 50.
10
Calculate the highest common factor of 207 and 1127.
23
What is the highest common factor of 441 and 1?
1
Calculate the greatest common divisor of 306 and 106.
2
What is the highest common divisor of 60 and 420?
60
Calculate the greatest common divisor of 340 and 7990.
170
What is the greatest common divisor of 270 and 108?
54
What is the greatest common divisor of 1 and 67?
1
Calculate the greatest common factor of 6421 and 1.
1
What is the greatest common divisor of 384 and 176?
16
Calculate the highest common factor of 184 and 280.
8
Calculate the greatest common factor of 2048 and 16.
16
What is the highest common divisor of 3736 and 40?
8
Calculate the greatest common factor of 1825 and 825.
25
What is the greatest common divisor of 62 and 1054?
62
What is the greatest common divisor of 20 and 20?
20
What is the greatest common factor of 1325 and 175?
25
Calculate the greatest common factor of 108 and 396.
36
What is the greatest common divisor of 516 and 19479?
129
Calculate the highest common divisor of 77 and 11.
11
Calculate the greatest common divisor of 57 and 76.
19
Calculate the highest common factor of 18 and 873.
9
What is the greatest common divisor of 16 and 53776?
16
Calculate the highest common divisor of 15 and 235.
5
Calculate the highest common divisor of 384 and 48.
48
Calculate the greatest common factor of 6996 and 132.
132
Calculate the greatest common factor of 16 and 584.
8
What is the greatest common divisor of 8 and 2?
2
Calculate the highest common divisor of 246 and 533.
41
Calculate the highest common divisor of 380 and 152.
76
Calculate the greatest common factor of 6057 and 27.
9
What is the highest common factor of 60 and 160?
20
Calculate the greatest common factor of 28 and 700.
28
What is the highest commo